[INFO] fetching crate Rusty_CryptoAuthLib 1.0.0...
[INFO] checking Rusty_CryptoAuthLib-1.0.0 against master#e6e4f7ed1589e03bc2f6c5931c1a72e7947e8682 for beta-170-4
[INFO] extracting crate Rusty_CryptoAuthLib 1.0.0 into /workspace/builds/worker-0-tc2/source
[INFO] validating manifest of crates.io crate Rusty_CryptoAuthLib 1.0.0 on toolchain e6e4f7ed1589e03bc2f6c5931c1a72e7947e8682
[INFO] running `Command { std: CARGO_HOME="/workspace/cargo-home" RUSTUP_HOME="/workspace/rustup-home" "/workspace/cargo-home/bin/cargo" "+e6e4f7ed1589e03bc2f6c5931c1a72e7947e8682" "metadata" "--manifest-path" "Cargo.toml" "--no-deps", kill_on_drop: false }`
[INFO] removed /workspace/builds/worker-0-tc2/source/.cargo/config
[INFO] started tweaking crates.io crate Rusty_CryptoAuthLib 1.0.0
[INFO] finished tweaking crates.io crate Rusty_CryptoAuthLib 1.0.0
[INFO] tweaked toml for crates.io crate Rusty_CryptoAuthLib 1.0.0 written to /workspace/builds/worker-0-tc2/source/Cargo.toml
[INFO] crate crates.io crate Rusty_CryptoAuthLib 1.0.0 already has a lockfile, it will not be regenerated
[INFO] running `Command { std: CARGO_HOME="/workspace/cargo-home" RUSTUP_HOME="/workspace/rustup-home" "/workspace/cargo-home/bin/cargo" "+e6e4f7ed1589e03bc2f6c5931c1a72e7947e8682" "fetch" "--manifest-path" "Cargo.toml", kill_on_drop: false }`
[INFO] running `Command { std: "docker" "create" "-v" "/var/lib/crater-agent-workspace/builds/worker-0-tc2/target:/opt/rustwide/target:rw,Z" "-v" "/var/lib/crater-agent-workspace/builds/worker-0-tc2/source:/opt/rustwide/workdir:ro,Z" "-v" "/var/lib/crater-agent-workspace/cargo-home:/opt/rustwide/cargo-home:ro,Z" "-v" "/var/lib/crater-agent-workspace/rustup-home:/opt/rustwide/rustup-home:ro,Z" "-e" "SOURCE_DIR=/opt/rustwide/workdir" "-e" "CARGO_TARGET_DIR=/opt/rustwide/target" "-e" "CARGO_HOME=/opt/rustwide/cargo-home" "-e" "RUSTUP_HOME=/opt/rustwide/rustup-home" "-w" "/opt/rustwide/workdir" "-m" "1610612736" "--user" "0:0" "--network" "none" "ghcr.io/rust-lang/crates-build-env/linux@sha256:19e73879b68f455e41552ea35293514db52ea292d993f571636dbffedb77a1ee" "/opt/rustwide/cargo-home/bin/cargo" "+e6e4f7ed1589e03bc2f6c5931c1a72e7947e8682" "metadata" "--no-deps" "--format-version=1", kill_on_drop: false }`
[INFO] [stdout] ebd09006a98a0191e51bc43bee540d27b89ff38430d8231499a4c826d10c7331
[INFO] running `Command { std: "docker" "start" "-a" "ebd09006a98a0191e51bc43bee540d27b89ff38430d8231499a4c826d10c7331", kill_on_drop: false }`
[INFO] running `Command { std: "docker" "inspect" "ebd09006a98a0191e51bc43bee540d27b89ff38430d8231499a4c826d10c7331", kill_on_drop: false }`
[INFO] running `Command { std: "docker" "rm" "-f" "ebd09006a98a0191e51bc43bee540d27b89ff38430d8231499a4c826d10c7331", kill_on_drop: false }`
[INFO] [stdout] ebd09006a98a0191e51bc43bee540d27b89ff38430d8231499a4c826d10c7331
[INFO] running `Command { std: "docker" "create" "-v" "/var/lib/crater-agent-workspace/builds/worker-0-tc2/target:/opt/rustwide/target:rw,Z" "-v" "/var/lib/crater-agent-workspace/builds/worker-0-tc2/source:/opt/rustwide/workdir:ro,Z" "-v" "/var/lib/crater-agent-workspace/cargo-home:/opt/rustwide/cargo-home:ro,Z" "-v" "/var/lib/crater-agent-workspace/rustup-home:/opt/rustwide/rustup-home:ro,Z" "-e" "SOURCE_DIR=/opt/rustwide/workdir" "-e" "CARGO_TARGET_DIR=/opt/rustwide/target" "-e" "CARGO_INCREMENTAL=0" "-e" "RUST_BACKTRACE=full" "-e" "RUSTFLAGS=--cap-lints=forbid" "-e" "RUSTDOCFLAGS=--cap-lints=forbid" "-e" "CARGO_HOME=/opt/rustwide/cargo-home" "-e" "RUSTUP_HOME=/opt/rustwide/rustup-home" "-w" "/opt/rustwide/workdir" "-m" "1610612736" "--user" "0:0" "--network" "none" "ghcr.io/rust-lang/crates-build-env/linux@sha256:19e73879b68f455e41552ea35293514db52ea292d993f571636dbffedb77a1ee" "/opt/rustwide/cargo-home/bin/cargo" "+e6e4f7ed1589e03bc2f6c5931c1a72e7947e8682" "check" "--frozen" "--all" "--all-targets" "--message-format=json", kill_on_drop: false }`
[INFO] [stdout] 08a1d8d7b2696558f916179a923445d9f6e4d34f0cdc27859a50bfd427e14850
[INFO] running `Command { std: "docker" "start" "-a" "08a1d8d7b2696558f916179a923445d9f6e4d34f0cdc27859a50bfd427e14850", kill_on_drop: false }`
[INFO] [stderr]    Compiling typenum v1.12.0
[INFO] [stderr]    Compiling proc-macro2 v1.0.21
[INFO] [stderr]    Compiling semver-parser v0.7.0
[INFO] [stderr]    Compiling unicode-xid v0.2.1
[INFO] [stderr]    Compiling syn v1.0.41
[INFO] [stderr]     Checking stable_deref_trait v1.2.0
[INFO] [stderr]    Compiling cortex-m v0.6.3
[INFO] [stderr]    Compiling byteorder v1.3.4
[INFO] [stderr]     Checking vcell v0.1.2
[INFO] [stderr]    Compiling serde_derive v1.0.116
[INFO] [stderr]     Checking volatile-register v0.2.0
[INFO] [stderr]    Compiling serde v1.0.116
[INFO] [stderr]    Compiling semver v0.9.0
[INFO] [stderr]     Checking bitfield v0.13.2
[INFO] [stderr]     Checking nb v1.0.0
[INFO] [stderr]    Compiling cortex-m-rt v0.6.13
[INFO] [stderr]     Checking nb v0.1.3
[INFO] [stderr]    Compiling heapless v0.5.5
[INFO] [stderr]    Compiling rustc_version v0.2.3
[INFO] [stderr]    Compiling fpa v0.1.0
[INFO] [stderr]     Checking void v1.0.2
[INFO] [stderr]     Checking r0 v0.2.2
[INFO] [stderr]    Compiling nrf52840-pac v0.9.0
[INFO] [stderr]     Checking embedded-hal v0.2.4
[INFO] [stderr]    Compiling bare-metal v0.2.5
[INFO] [stderr]    Compiling cast v0.2.3
[INFO] [stderr]     Checking hash32 v0.1.1
[INFO] [stderr]    Compiling nrf52840-hal v0.10.0
[INFO] [stderr]    Compiling quote v1.0.7
[INFO] [stderr]    Compiling cortex-m-semihosting v0.3.5
[INFO] [stderr]     Checking postcard-cobs v0.1.5-pre
[INFO] [stderr]     Checking rand_core v0.5.1
[INFO] [stderr]     Checking panic-halt v0.2.0
[INFO] [stderr]     Checking generic-array v0.12.3
[INFO] [stderr]     Checking generic-array v0.13.2
[INFO] [stderr]     Checking as-slice v0.1.3
[INFO] [stderr]     Checking aligned v0.3.4
[INFO] [stderr]    Compiling cortex-m-rt-macros v0.1.8
[INFO] [stderr]     Checking postcard v0.5.1
[INFO] [stderr]     Checking Rusty_CryptoAuthLib v1.0.0 (/opt/rustwide/workdir)
[INFO] [stderr]     Checking nrf-hal-common v0.10.0
[INFO] [stdout] error[E0463]: can't find crate for `nrf52840_mdk`
[INFO] [stdout]  --> examples/atcab_genkey.rs:6:1
[INFO] [stdout]   |
[INFO] [stdout] 6 | extern crate nrf52840_mdk;
[INFO] [stdout]   | ^^^^^^^^^^^^^^^^^^^^^^^^^^ can't find crate
[INFO] [stdout] 
[INFO] [stdout] 
[INFO] [stdout] error: language item required, but not found: `eh_personality`
[INFO] [stdout]   |
[INFO] [stdout]   = note: this can occur when a binary crate with `#![no_std]` is compiled for a target where `eh_personality` is defined in the standard library
[INFO] [stdout]   = help: you may be able to compile for a target that doesn't need `eh_personality`, specify a target with `--target` or in `.cargo/config`
[INFO] [stdout] 
[INFO] [stdout] 
[INFO] [stdout] error: aborting due to 2 previous errors
[INFO] [stdout] 
[INFO] [stdout] 
[INFO] [stdout] For more information about this error, try `rustc --explain E0463`.
[INFO] [stdout] 
[INFO] [stderr] error: could not compile `Rusty_CryptoAuthLib` (example "atcab_genkey") due to 3 previous errors
[INFO] [stdout] error[E0463]: can't find crate for `nrf52840_mdk`
[INFO] [stdout]  --> examples/atcab_info.rs:6:1
[INFO] [stdout]   |
[INFO] [stdout] 6 | extern crate nrf52840_mdk;
[INFO] [stdout]   | ^^^^^^^^^^^^^^^^^^^^^^^^^^ can't find crate
[INFO] [stdout] 
[INFO] [stdout] 
[INFO] [stderr] warning: build failed, waiting for other jobs to finish...
[INFO] [stdout] error[E0463]: can't find crate for `nrf52840_mdk`
[INFO] [stdout]  --> examples/atcab_read_config_zone.rs:6:1
[INFO] [stdout]   |
[INFO] [stdout] 6 | extern crate nrf52840_mdk;
[INFO] [stdout]   | ^^^^^^^^^^^^^^^^^^^^^^^^^^ can't find crate
[INFO] [stdout] 
[INFO] [stdout] 
[INFO] [stdout] error[E0463]: can't find crate for `nrf52840_mdk`
[INFO] [stdout]  --> examples/atcab_sha.rs:7:1
[INFO] [stdout]   |
[INFO] [stdout] 7 | extern crate nrf52840_mdk;
[INFO] [stdout]   | ^^^^^^^^^^^^^^^^^^^^^^^^^^ can't find crate
[INFO] [stdout] 
[INFO] [stdout] 
[INFO] [stdout] error: language item required, but not found: `eh_personality`
[INFO] [stdout]   |
[INFO] [stdout]   = note: this can occur when a binary crate with `#![no_std]` is compiled for a target where `eh_personality` is defined in the standard library
[INFO] [stdout]   = help: you may be able to compile for a target that doesn't need `eh_personality`, specify a target with `--target` or in `.cargo/config`
[INFO] [stdout] 
[INFO] [stdout] 
[INFO] [stdout] error: aborting due to 2 previous errors
[INFO] [stdout] 
[INFO] [stdout] 
[INFO] [stdout] error: language item required, but not found: `eh_personality`
[INFO] [stdout]   |
[INFO] [stdout]   = note: this can occur when a binary crate with `#![no_std]` is compiled for a target where `eh_personality` is defined in the standard library
[INFO] [stdout]   = help: you may be able to compile for a target that doesn't need `eh_personality`, specify a target with `--target` or in `.cargo/config`
[INFO] [stdout] 
[INFO] [stdout] 
[INFO] [stdout] For more information about this error, try `rustc --explain E0463`.
[INFO] [stdout] 
[INFO] [stdout] error: aborting due to 2 previous errors
[INFO] [stdout] 
[INFO] [stdout] 
[INFO] [stdout] For more information about this error, try `rustc --explain E0463`.
[INFO] [stdout] 
[INFO] [stderr] error: could not compile `Rusty_CryptoAuthLib` (example "atcab_read_config_zone") due to 3 previous errors
[INFO] [stdout] error[E0463]: can't find crate for `nrf52840_mdk`
[INFO] [stdout]  --> examples/atcab_sign_and_verify.rs:6:1
[INFO] [stdout]   |
[INFO] [stdout] 6 | extern crate nrf52840_mdk;
[INFO] [stdout]   | ^^^^^^^^^^^^^^^^^^^^^^^^^^ can't find crate
[INFO] [stdout] 
[INFO] [stdout] 
[INFO] [stderr] error: could not compile `Rusty_CryptoAuthLib` (example "atcab_info") due to 3 previous errors
[INFO] [stdout] error: language item required, but not found: `eh_personality`
[INFO] [stdout]   |
[INFO] [stdout]   = note: this can occur when a binary crate with `#![no_std]` is compiled for a target where `eh_personality` is defined in the standard library
[INFO] [stdout]   = help: you may be able to compile for a target that doesn't need `eh_personality`, specify a target with `--target` or in `.cargo/config`
[INFO] [stdout] 
[INFO] [stdout] 
[INFO] [stdout] error: aborting due to previous error
[INFO] [stdout] 
[INFO] [stdout] 
[INFO] [stdout] error[E0463]: can't find crate for `nrf52840_mdk`
[INFO] [stdout]  --> examples/atcab_write_config_zone.rs:6:1
[INFO] [stdout]   |
[INFO] [stdout] 6 | extern crate nrf52840_mdk;
[INFO] [stdout]   | ^^^^^^^^^^^^^^^^^^^^^^^^^^ can't find crate
[INFO] [stdout] 
[INFO] [stdout] 
[INFO] [stderr] error: could not compile `Rusty_CryptoAuthLib` (example "blinky") due to 2 previous errors
[INFO] [stdout] error: language item required, but not found: `eh_personality`
[INFO] [stdout]   |
[INFO] [stdout]   = note: this can occur when a binary crate with `#![no_std]` is compiled for a target where `eh_personality` is defined in the standard library
[INFO] [stdout]   = help: you may be able to compile for a target that doesn't need `eh_personality`, specify a target with `--target` or in `.cargo/config`
[INFO] [stdout] 
[INFO] [stdout] 
[INFO] [stdout] error: language item required, but not found: `eh_personality`
[INFO] [stdout]   |
[INFO] [stdout]   = note: this can occur when a binary crate with `#![no_std]` is compiled for a target where `eh_personality` is defined in the standard library
[INFO] [stdout]   = help: you may be able to compile for a target that doesn't need `eh_personality`, specify a target with `--target` or in `.cargo/config`
[INFO] [stdout] 
[INFO] [stdout] 
[INFO] [stdout] error: aborting due to 2 previous errors
[INFO] [stdout] 
[INFO] [stdout] 
[INFO] [stdout] For more information about this error, try `rustc --explain E0463`.
[INFO] [stdout] 
[INFO] [stdout] error: language item required, but not found: `eh_personality`
[INFO] [stdout]   |
[INFO] [stdout]   = note: this can occur when a binary crate with `#![no_std]` is compiled for a target where `eh_personality` is defined in the standard library
[INFO] [stdout]   = help: you may be able to compile for a target that doesn't need `eh_personality`, specify a target with `--target` or in `.cargo/config`
[INFO] [stdout] 
[INFO] [stdout] 
[INFO] [stderr] error: could not compile `Rusty_CryptoAuthLib` (example "atcab_sign_and_verify") due to 3 previous errors
[INFO] [stdout] error: aborting due to 2 previous errors
[INFO] [stdout] 
[INFO] [stdout] 
[INFO] [stdout] For more information about this error, try `rustc --explain E0463`.
[INFO] [stdout] 
[INFO] [stdout] error: aborting due to 2 previous errors
[INFO] [stdout] 
[INFO] [stdout] 
[INFO] [stdout] For more information about this error, try `rustc --explain E0463`.
[INFO] [stdout] 
[INFO] [stderr] error: could not compile `Rusty_CryptoAuthLib` (example "atcab_sha") due to 3 previous errors
[INFO] [stderr] error: could not compile `Rusty_CryptoAuthLib` (example "atcab_write_config_zone") due to 3 previous errors
[INFO] running `Command { std: "docker" "inspect" "08a1d8d7b2696558f916179a923445d9f6e4d34f0cdc27859a50bfd427e14850", kill_on_drop: false }`
[INFO] running `Command { std: "docker" "rm" "-f" "08a1d8d7b2696558f916179a923445d9f6e4d34f0cdc27859a50bfd427e14850", kill_on_drop: false }`
[INFO] [stdout] 08a1d8d7b2696558f916179a923445d9f6e4d34f0cdc27859a50bfd427e14850
